 83. What is r(-25)?
342
Let w(a) = -a**2 + 30*a + 64. What is w(32)?
0
Let t(m) = 87*m + 437. Calculate t(-5).
2
Let u(w) = 2*w**2 + 6*w - 1108. Calculate u(-29).
400
Let f(i) = i**3 - 18*i**2 + 45*i + 35. Calculate f(15).
35
Let y(d) = -d**2 - 41*d - 150. What is y(-4)?
-2
Let r(u) = -770*u + 2487. Give r(3).
177
Let y(i) = 3*i - 108. Give y(10).
-78
Let h(d) = -d**2 - 29*d - 49. What is h(-18)?
149
Let c(j) = -j**3 - 11*j**2 - 22*j - 52. Calculate c(-6).
-100
Let f(j) = -j**3 - 7*j**2 + 26*j - 5. Calculate f(-12).
403
Let i(y) = -y**2 + 62*y - 98. Give i(61).
-37
Let o(i) = -76*i + 618. Calculate o(7).
86
Let d(y) = 4*y**2 - 874*y + 10668. Give d(13).
-18
Let s(i) = -i**3 + 21*i**2 + 24*i + 12. Calculate s(22).
56
Let t(l) = -l**3 + 45*l**2 - 489*l + 34. Calculate t(27).
-47
Let f(y) = -y**3 - 7*y**2 - 12*y + 34. What is f(-4)?
34
Let p(l) = 14*l + 407. What is p(-51)?
-307
Let k(u) = 113*u**2 + 8699*u - 156. Give k(-77).
-2
Let p(u) = 36*u - 70. Calculate p(2).
2
Let y(h) = 54*h - 539. Determine y(5).
-269
Let c(k) = -k**3 - 58*k**2 - 83*k + 7167. Calculate c(-54).
-15
Let w(x) = -66*x**2 + x + 14. What is w(2)?
-248
Let q(f) = -f**3 + 3*f**2 + 7*f - 15. What is q(7)?
-162
Let n(x) = -8*x**2 - 159*x + 189. Calculate n(-21).
0
Let l(h) = -347*h + 698. Calculate l(2).
4
Let t(i) = i**3 + 34*i**2 + 65*i - 9. Calculate t(-32).
-41
Let b(u) = 16*u**2 + 385*u + 27. Give b(-24).
3
Let c(q) = -q**3 - 2*q**2 + 136*q - 16. What is c(0)?
-16
Let r(y) = -y**3 + 17*y**2 - 46*y + 367. Determine r(15).
127
Let n(h) = -2*h**2 - 45*h - 277. Determine n(-23).
-300
Let s(d) = -d**2 - d + 95. Calculate s(-10).
5
Let f(r) = 132*r - 7226. What is f(55)?
34
Let o(f) = 46*f + 127. Determine o(-3).
-11
Let l(s) = -52*s - 1230. Give l(-24).
18
Let k(s) = -125*s - 1298. Give k(-11).
77
Let c(g) = 11*g**2 + 572*g + 105. What is c(-52)?
105
Let w(o) = 8*o**2 + 183*o - 66. What is w(-24)?
150
Let y(j) = j**3 - 203*j**2 + 1750*j - 797. Give y(194).
-21
Let i(b) = -48*b**2 + 23*b - 63. Give i(3).
-426
Let a(r) = -2*r**2 - 3075*r + 15357. What is a(5)?
-68
Let l(g) = -42*g**2 + 250*g - 3. Determine l(6).
-15
Let j(v) = v**2 - 253*v + 1267. Give j(5).
27
Let n(y) = 25*y + 1168. Determine n(-47).
-7
Let b(c) = -c**3 - 38*c**2 - 3*c - 127. Determine b(-38).
-13
Let d(u) = 65*u + 28. Calculate d(-1).
-37
Let s(b) = -2*b**2 + 20*b + 45. Determine s(12).
-3
Let p(f) = f**3 + 2*f**2 - 59*f - 212. Determine p(-5).
8
Let g(k) = -222*k - 32848. Give g(-148).
8
Let p(g) = -4*g**2 + 492*g + 11440. What is p(-20)?
0
Let n(u) = 131*u**2 + 551*u - 5. What is n(-4)?
-113
Let c(w) = -33*w - 41. Give c(-3).
58
Let w(o) = o**3 + 16*o**2 - 65*o - 118. What is w(-19)?
34
Let b(d) = 2*d**3 + 33*d**2 + 17*d + 26. Determine b(-16).
10
Let p(u) = 9*u - 32. What is p(4)?
4
Let k(m) = 40*m + 218. Determine k(-8).
-102
Let w(u) = 10*u**2 - 118*u - 21. Give w(7).
-357
Let g(y) = 3*y**2 - 86*y + 21. What is g(26)?
-187
Let m(h) = -h**3 - 2*h**2 + 99*h + 97. Determine m(-11).
97
Let z(a) = -166*a - 15849. What is z(-95)?
-79
Let h(u) = -13*u - 923. Calculate h(-69).
-26
Let l(j) = -2*j**3 + 6*j**2 + 3*j - 11. Determine l(3).
-2
Let h(k) = 504*k + 5009. Calculate h(-10).
-31
Let c(v) = 73*v + 2077. Determine c(-29).
-40
Let w(y) = 4*y**2 - 23*y - 80. Calculate w(16).
576
Let y(r) = -4*r - 160. Determine y(-34).
-24
Let o(d) = -d**2 + 33*d + 90. Calculate o(38).
-100
Let a(p) = -p**3 + 11*p**2 + 8*p + 23. What is a(12)?
-25
Let r(i) = 24*i - 27. Give r(4).
69
Let k(o) = o**3 - 8*o**2 - 33*o + 198. Give k(11).
198
Let g(m) = -2*m**2 + 93*m + 49. Calculate g(48).
-95
Let z(x) = 16*x**2 + 1023*x - 67. What is z(-64)?
-3
Let m(y) = -4*y**3 - 8*y**2 + 31*y - 2. Determine m(4).
-262
Let g(t) = -40*t - 709. Calculate g(-18).
11
Let k(v) = -7*v**2 + 71*v + 12. What is k(10)?
22
Let p(i) = -77*i + 69. What is p(6)?
-393
Let z(p) = 6*p**3 + 407*p**2 - 69*p - 69. Calculate z(-68).
-1
Let b(g) = 3*g**2 + 11*g - 25. Determine b(6).
149
Let n(m) = m**3 - 49*m**2 + 44*m + 11. What is n(48)?
-181
Let w(p) = p**3 + 14*p**2 + 8*p - 78. What is w(-10)?
242
Let z(s) = -2*s**3 - 12*s**2 + 11*s - 12. Calculate z(-7).
9
Let f(k) = 807*k - 21. What is f(0)?
-21
Let c(o) = 54*o**3 + o**2 + 83*o + 82. Calculate c(-1).
-54
Let m(j) = -j**3 - 35*j**2 + j + 18. Calculate m(-35).
-17
Let v(s) = -22*s**3 - 2*s**2 - 15*s - 7. Calculate v(-3).
614
Let d(o) = 72*o**2 + 5. Give d(-1).
77
Let t(h) = -5924*h + 41476. Calculate t(7).
8
Let v(p) = -144*p - 162. What is v(-4)?
414
Let p(u) = 198*u - 8845. Give p(45).
65
Let y(t) = -6*t**2 + 533*t - 449. Give y(88).
-9
Let s(n) = n**3 - 79*n**2 + 71*n + 218. Determine s(78).
-328
Let v(a) = -a**3 + 6*a**2 + 3*a - 29. Give v(6).
-11
Let p(v) = -9*v**2 - 177*v + 44. Determine p(-20).
-16
Let l(t) = -t**3 + 155*t**2 + 233*t + 12724. Give l(157).
7
Let d(v) = -21*v + 94. Determine d(5).
-11
Let l(q) = -34*q**2 - 141*q - 23. Calculate l(-4).
-3
Let j(b) = -92*b + 547. What is j(6)?
-5
Let y(l) = -394*l + 32346. Calculate y(82).
38
Let w(b) = -3*b**3 + 6*b - 22. Determine w(0).
-22
Let n(z) = 1141*z + 34246. What is n(-30)?
16
Let r(z) = -2*z**3 + 6*z**2 + 29*z + 9. Calculate r(6).
-33
Let o(b) = 3*b**2 + 132*b + 121. Determine o(-43).
-8
Let y(w) = -15*w**2 + 166*w + 31. Determine y(11).
42
Let x(b) = 2*b**3 - 52*b**2 - 157*b - 16. Determine x(29).
477
Let r(x) = 83*x - 286. Determine r(4).
46
Let j(b) = b**2 + 484*b - 11626. What is j(23)?
35
Let z(a) = 2*a**3 + 4*a**2 + 233*a + 468. Give z(-2).
2
Let n(w) = -2*w**2 + 12*w + 39. Determine n(8).
7
Let k(x) = -23*x**2 - 3*x - 5. Calculate k(-2).
-91
Let u(l) = -l**3 + 31*l**2 - 4*l + 131. Calculate u(31).
7
Let g(u) = u**3 + 5*u**2 - 12*u - 40. Give g(-6).
-4
Let n(x) = -x**3 + 17*x**2 - 18*x + 8. What is n(17)?
-298
Let j(y) = -9*y**3 - 11*y**2 - 11*y - 4. Determine j(-2).
46
Let o(y) = -y**2 + 141*y - 1227. Determine o(9).
-39
Let i(y) = y**2 + 126*y + 3971. Determine i(-64).
3
Let c(o) = -o**2 - 367*o - 3227. Calculate c(-9).
-5
Let p(o) = o**3 + 7*o**2 - 23*o - 54. Give p(-9).
-9
Let h(i) = -i**3 + 30*i**2 - 16*i + 485. Give h(30).
5
Let f(n) = n**3 - 14*n**2 + 31*n + 47. What is f(8)?
-89
Let a(x) = -42*x - 2413. Give a(-60).
107
Let p(j) = -75*j - 286. Give p(-5).
89
Let b(w) = 9*w**2 - 12*w + 27. Determine b(-6).
423
Let u(j) = -677*j + 16908. What is u(25)?
-17
Let n(r) = 9*r**3 + 10*r**2 + 3*r + 2. Determine n(-1).
0
Let q(a) = -358*a - 500. Determine q(-3).
574
Let l(y) = -y**3 + 11*y**2 + 8*y + 26. Determine l(12).
-22
Let m(j) = 65*j + 1009. Give m(-24).
-551
Let k(o) = o**3 - 86*o**2 - 2*o + 3. Determine k(0).
3
Let z(p) = 26*p + 245. Determine z(-5).
115
Let t(g) = -98*g - 5588. Give t(-57).
-2
Let o(v) = -52*v + 3969. Give o(62).
745
Let i(r) = -377*r + 3385. Give i(9).
-8
Let x(h) = 383*h + 1152. What is x(-3)?
3
Let o(a) = -a**2 - 40*a + 742. Give o(16).
-154
Let s(h) = 7*h**2 + 71*h - 8. Give s(-5).
-188
Let y(k) = -k**2 + 93*k - 1832. Determine y(28).
-12
Let r(v) = 6*v**2 - 5*v - 3. Calculate r(6).
183
Let f(k) = 216*k**3 + k**2 + 3. Give f(1).
220
Let h(b) = b**3 - 20*b**2 + 85*b + 15. Determine h(12).
-117
Let z(y) = -y**2 - 211*y + 1981. Give z(9).
1
Let z(x) = x**3 - 57*x**2 + 256*x + 200. Give z(52).
-8
Let t(x) = 7*x**2 + 115*x + 461. What is t(-8)?
-11
Let w(r) = -2*r**2 + 319*r - 1558. Give w(5).
-13
Let f(y) = 2*y**3 - 44*y**2 - 8*y + 167. Calculate f(22).
-9
Let j(i) = -150*i + 1044. What is j(7)?
-6
Let q(b) = 11*b**2 - 636*b - 123. Give q(58).
-7
Let u(b) = -7*b**3 + b**2 - 7*b + 17. What is u(2)?
-49
Let w(t) = -t**3 + t**2 + 22*t + 32. Determine w(0).
32
Let h(z) = z**3 - 27*z**2 + 16*z - 291. Determine h(27).
141
Let a(q) = -2*q**2 + 35*q + 1114. Calculate a(-19).
-273
Let r(q) = -3*q**3 + 6*q**2 - 6*q - 2. Determine r(3).
-47
Let r(g) = -g**3 - 4*g**2 + 14*g + 29. Determine r(-6).
17
Let l(f) = 27*f + 242. Give l(-9).
-1
Let i(o) = -o**3 + 16*o**2 + 174*o - 2779. Determine i(16).
5
Let z(r) = 4*r + 170. What is z(-11)?
126
Let k(w) = -44*w - 391. What is k(-15)?
269
Let k(x) = -4*x**3 + 32*x**2 + 6*x - 38. What is k(8)?
10
Let g(v) = 2*v**3 + 21*v**2 + 105*v - 27. Determine g(-7).
-419
Let u(s) = -4*s**2 + 102*s - 37. Calculate u(26).
-89
Let h(l) = -576*l + 23615. What is h(41)?
-1
Let g(w) = -w**2 - 57*w + 8